 be d(-9). What is the units digit of 14/((-1)/(-2) + (-45)/i)?
3
Let d = 14384 - 7820. What is the tens digit of d?
6
Let h(i) = -i**2 - 5*i - 2. Let a be h(-3). Let x be ((-238)/102)/(2 + (-74)/36). Suppose a*y - 230 - x = 0. What is the tens digit of y?
6
Suppose -i = 5 + 11. What is the hundreds digit of 21357/168 - (-2)/i?
1
Let h(a) = -27*a**2 - 1. Let v be h(-1). Let p = v - -73. What is the units digit of p?
5
Suppose -17 = -2*k + 23. Suppose k = 3*p + 2*p. Suppose -5*f + p*f = -4. What is the units digit of f?
4
Let c(g) be the second derivative of g**5/20 - g**4/4 + g**3/3 + 4*g. Let l be c(2). Suppose -2*k + l = -30. What is the tens digit of k?
1
Let k be (-1)/(3 + 10/(-4)). Let w(o) = o**3 + 3*o**2 - 1. Let s be w(k). Suppose -s + 139 = 4*i. What is the tens digit of i?
3
Suppose -33*a + 6706 = -9002. What is the units digit of a?
6
Let p(h) = -11*h**3 + 11*h**2 + 42. Let r(t) = 5*t**3 - 5*t**2 - 21. Let q(c) = -4*p(c) - 9*r(c). Suppose -3*v + 0*v = -5*v. What is the units digit of q(v)?
1
Let r be 2 + 1 - (-6)/(-2). Suppose r = -q - 2*q. Suppose q = -2*j + s + 52, 0*s = 2*j + 3*s - 68. What is the units digit of j?
8
Let r = -3471 + 6743. What is the tens digit of r?
7
Suppose 0 = -5*q + 4*v + 63, -28 = -q - q + 3*v. Suppose -2*h = -133 - q. What is the tens digit of h?
7
Let o be (18/63)/((-1)/(-21)). Let m = 8 - o. Suppose m*y - 94 = -20. What is the units digit of y?
7
Let l = -40 - -55. Suppose -l*t + t = -770. What is the tens digit of t?
5
Let a be (-3)/12 - (-25)/20. Let h be (3 + -2)/(1/a). What is the units digit of h/4*26*4?
6
Let z be 1 + 12/(-9)*-3. Suppose -z*a = 0, -5*a - 229 = -5*s + 51. What is the units digit of (126/s)/((-1)/(-24))?
4
Suppose -2*q + 501 = -377. What is the hundreds digit of q?
4
Suppose -10 = -4*d - d, -5*b = -d - 48. Suppose -5*c + b = -5*t, 2*t = 5*c - 0 - 13. Suppose -c*k + 84 = 2*k + 3*n, 5*k = -n + 78. What is the tens digit of k?
1
What is the units digit of 7 - (480/(-6) + -1)?
8
Let y(g) be the third derivative of -11*g**4/12 - 9*g**3 + 27*g**2. What is the tens digit of y(-16)?
9
Let f(u) = 7 - 10*u + 12*u**2 + 7 - 9 - u**3. Let x be -1 + 0 - (-12)/1. What is the units digit of f(x)?
6
Let v(r) = 5*r**2 - 2*r + 2. Let g be v(-2). Let n = g + -7. What is the tens digit of n?
1
Let y(x) = -9*x + 7. Let t(j) = -19*j + 15. Suppose 2*k + 3*k = 20. Let s(c) = k*t(c) - 9*y(c). What is the tens digit of s(5)?
2
Let y(a) = -a + 5. Let x be y(8). Let g be 3/x*-2 + 0. Suppose -g*u + 124 = 2*u. What is the units digit of u?
1
Suppose -2000 = -4*h - p, h - 5*h = -4*p - 2000. What is the units digit of h?
0
Let q(v) = -v**2 - 14*v + 19. Let r be q(-15). What is the tens digit of ((-1)/(10/(-12)))/(r/170)?
5
Let z = 11 + -202. Let b = -77 - z. What is the tens digit of b?
1
Let r(a) = 2*a**2 - 2. Let d be r(-2). Suppose 3*p - 24 = d*p. Let s(c) = c**3 + 8*c**2 + 10. What is the units digit of s(p)?
0
Suppose 2*y - 23*t + 20*t = 434, -4*y + 4*t = -864. What is the tens digit of y?
1
Suppose y + 5410 = 5*c, -5*c - 13*y + 5400 = -12*y. What is the thousands digit of c?
1
What is the tens digit of (-15 - (-50)/10) + 2412?
0
Let w = 1627 + 20. What is the units digit of w?
7
Let b(d) = 81*d**2 - 3*d - 4. What is the tens digit of b(3)?
1
Suppose 306 = 12*v - 9*v. What is the hundreds digit of v?
1
Let g = -16 + -48. Let j = -47 - g. What is the units digit of j?
7
Let t(g) = g**2 + 10*g + 1. Let r = 19 - 28. Let q be t(r). Let a = 20 + q. What is the tens digit of a?
1
Suppose -5*a - 36 = -176. Let v(c) = c**2 + 11. Let n be v(-6). Let t = n - a. What is the tens digit of t?
1
Let n(s) = s**3 - s**2 + s - 1. Let f be n(5). Let g be (-79)/(-4) - (-3)/(-4). Suppose 16 + f = 5*c - 5*d, -c = 4*d - g. What is the tens digit of c?
2
Let o = 30 - 16. Let n(x) = x**2 - 13*x - 10. Let i be n(13). Let l = o + i. What is the units digit of l?
4
Let m = -9 - -12. Suppose m*o = -0*o + 27. Let d(n) = n**3 - 10*n**2 + 10*n + 10. What is the units digit of d(o)?
9
Let d be -2 + (0 - -4) + 93. Suppose 0 = -2*i - y + 125, -2*i + d + 45 = -4*y. What is the units digit of i?
4
Suppose -57*j - 78405 + 224325 = 0. What is the tens digit of j?
6
Let j(i) = -i**3 - 8*i**2 + 9*i - 4. Let w = 12 + -21. Let h be j(w). What is the units digit of ((-7)/h)/((-8)/(-192))?
2
Let m(f) = 12*f**3 + f**2 + 3*f - 2. Let p be m(2). Let a = -50 + p. What is the tens digit of a?
5
What is the tens digit of (-141750)/(-462) + (0 - 6/(-33))?
0
Let i be -2*((-141)/(-6) + 0). Let u = i - -80. What is the units digit of u?
3
What is the hundreds digit of (-4)/((-40)/45)*102?
4
Suppose 11*z = 9*z + 28. Suppose -2*m + 33 = -3*k, -6*m - z = -7*m + 4*k. What is the units digit of m?
8
Let a(m) = m**3 - 11*m**2 - 11*m - 16. Let r be a(12). Let h(s) = -5*s + 5. What is the units digit of h(r)?
5
Let o = -43 - -55. Let m(h) = 4*h**2 + h - 2. Let f be m(2). Let z = f - o. What is the units digit of z?
4
Let q(p) = 2297*p**2 + 5*p + 5. What is the thousands digit of q(-1)?
2
Let i(c) = -15*c**3 + 17*c**2 + 51*c + 38. Let r(j) = 7*j**3 - 9*j**2 - 25*j - 19. Let z(o) = -6*i(o) - 13*r(o). What is the units digit of z(16)?
7
Let s(t) = t**3 - 3*t**2 - 7*t + 1. Suppose -3*w + 0*c = -3*c + 12, 4*c - 16 = w. Suppose 0 = -l + 5 - w. What is the tens digit of s(l)?
1
Let b be (8 - 7)/((-1)/(-1)). Let r = b - -41. What is the units digit of r?
2
Suppose 4 = -q + 3*q. Let i(a) = -2*a**2 + 3*a. Let w be i(q). What is the units digit of -3*w/(-3)*-15?
0
Suppose -4*o + 4*k = -1320, -996 = -3*o + 5*k - 0*k. Let n = o + -219. Suppose 2*i + 4*t - n = -0*t, -4*i + t = -189. What is the tens digit of i?
4
Suppose 0 = -8*f + 2*f + 90. What is the hundreds digit of 23/(0 - (-3)/f)?
1
Suppose 4*g - 2*g - 166 = 0. Let a = -62 + g. What is the tens digit of a?
2
Let s(t) = 7*t - 184. What is the units digit of s(29)?
9
Suppose 15*j - 2886 = -126. What is the hundreds digit of j?
1
Let t(k) = k**3 - 18*k**2 + 18*k - 2. Suppose 0 = -2*h - 5*s + 94, -h + 22 + 43 = -2*s. Let w be h/3 + -2*1. What is the units digit of t(w)?
5
Let v(q) = -q + 36. Let y(h) = -12. Let f(a) = -2*v(a) - 7*y(a). What is the units digit of f(-2)?
8
What is the tens digit of 20 - (11 + (-12)/2)?
1
Suppose -46 = 37*v - 36*v. Let u = v + 175. What is the hundreds digit of u?
1
Let k(w) = 2*w**2 - 2*w - 3. Let m be k(-2). Let z be 246/m - 3/9. What is the units digit of ((-6)/(-9))/2*z?
9
Let h(x) = 51*x**2 - 8*x - 2. What is the tens digit of h(2)?
8
Suppose 3*g + m - 8 = 0, g - m = 6*g - 12. What is the units digit of 2982/24*g - 2/(-4)?
9
What is the tens digit of 1822/3*-6*(1 + -2)?
4
Suppose -10696 = 25*a - 39*a. What is the tens digit of a?
6
Suppose z - 5*i - 103 = 0, 5*z = 3*i - 2*i + 395. Let d = z + -31. What is the tens digit of d?
4
Let q be 2/10 + (4 - 2233/(-35)). Let k = 93 - q. What is the tens digit of k?
2
Let k(b) = -b - b**2 - 1 + 5 - 3 + 6*b**3. Let a(d) = d**3 + 16*d**2 + 38*d - 12. Let o be a(-13). What is the units digit of k(o)?
5
Let f(s) = -s**3 + 9*s**2 - 8*s + 9. Let o = 10 - 26. Let r = 21 + o. What is the tens digit of f(r)?
6
Let g be 4*(9/(-6) + 2). Suppose -4*s = z - 40, g*z + 0*s - 5*s = 80. Suppose -3*v + z = -26. What is the units digit of v?
2
Suppose -6*i - 3*y + 2 = -2*i, 0 = -3*i - y - 1. What is the hundreds digit of (20 - i)/(3/19)?
1
Suppose -5*w + 1534 = -w - 5*d, 5*d + 1915 = 5*w. What is the units digit of w?
1
Suppose -3*h - 305 = -4*h - 5*n, 3*h = n + 851. What is the units digit of h?
5
Let g(r) = -r**2 + 5*r - 3. Let b be g(4). Let a be b/2*0/(-1). Suppose a = 5*q + 4*t - 80, 2*t + 12 = 2. What is the tens digit of q?
2
Let z be -6*19 - (0 - 4)/4. Let t(x) = 3*x**3 + x**2 - x - 3. Let g be t(-3). Let w = g - z. What is the units digit of w?
1
Suppose 3*u = -r - r + 4805, 2*r + 4789 = 3*u. What is the hundreds digit of u?
5
Suppose 3*v + 2 - 8 = 0. Suppose -v*g + 28 = -28. Suppose -m + h + g = 0, 2*h + 7 + 18 = m. What is the tens digit of m?
3
What is the tens digit of (42/12)/((-4)/3632*-2)?
8
Let b = -138 - -141. Suppose -2*t - b*t = -15. What is the units digit of t?
3
Let q be (-38)/(-14) - (-5 + 99/21). Suppose -3*u + q*t = -0*t - 561, 0 = -5*t - 20. What is the units digit of u?
3
Let z(j) = -2951*j - 106. What is the hundreds digit of z(-1)?
8
Suppose 